ue
Is 664711 a composite number?
False
Is 751757 prime?
False
Is 79466693 composite?
True
Is 61726237 prime?
True
Is 23580959 prime?
True
Is 22735781 prime?
False
Is 110790739 a prime number?
False
Is 15991231 a composite number?
False
Is 143813569 a composite number?
True
Is 7096951 a composite number?
False
Is 5899583 a composite number?
True
Is 22325491 a composite number?
False
Is 11131087 composite?
True
Is 1911949 prime?
False
Is 80762093 a prime number?
True
Is 226040779 composite?
False
Is 53714693 composite?
False
Is 67935661 prime?
False
Is 18043667 a prime number?
True
Is 828239 composite?
False
Is 237891851 prime?
True
Is 2502761 prime?
True
Is 5669581 prime?
False
Is 14176081 prime?
True
Is 1683519 prime?
False
Is 14162623 a composite number?
False
Is 1999537 composite?
False
Is 1622747 prime?
False
Is 3387931 a prime number?
True
Is 661357 a composite number?
True
Is 54806459 a composite number?
True
Is 61189105 prime?
False
Is 4066197 composite?
True
Is 109461959 a composite number?
True
Is 77885371 a prime number?
True
Is 18708271 a composite number?
True
Is 36266639 a composite number?
False
Is 7436631 a composite number?
True
Is 2167105 prime?
False
Is 176550173 a prime number?
False
Is 1571551 composite?
False
Is 46763429 a composite number?
False
Is 1280399 a composite number?
False
Is 66157357 a composite number?
True
Is 37087951 prime?
True
Is 73154219 composite?
False
Is 6925019 prime?
True
Is 11060771 composite?
True
Is 6939277 a composite number?
False
Is 4786603 composite?
False
Is 4656053 a composite number?
False
Is 55492222 a composite number?
True
Is 60433861 composite?
True
Is 1287473 prime?
False
Is 30680303 a prime number?
True
Is 21521089 prime?
False
Is 179238887 a prime number?
True
Is 11990051 composite?
False
Is 5108437 a prime number?
False
Is 4045477 a prime number?
False
Is 37354045 a prime number?
False
Is 254662841 a composite number?
True
Is 122577157 composite?
True
Is 20403401 composite?
False
Is 86621407 a prime number?
True
Is 1137442387 composite?
False
Is 2657533 a prime number?
True
Is 36496531 prime?
True
Is 219357871 a prime number?
False
Is 3411539 a prime number?
True
Is 5861903 a composite number?
True
Is 10020481 composite?
True
Is 20184963 composite?
True
Is 1514437 composite?
False
Is 8433931 a prime number?
False
Is 428573 composite?
True
Is 8465599 prime?
False
Is 522088007 prime?
False
Is 154027 prime?
True
Is 56899933 a prime number?
True
Is 818960963 a prime number?
True
Is 526995347 a prime number?
False
Is 332750749 a composite number?
False
Is 8786411 a prime number?
False
Is 378191 composite?
True
Is 9563 a prime number?
False
Is 4767667 composite?
True
Is 507743 a prime number?
True
Is 637311077 a prime number?
False
Is 9199331 a prime number?
True
Is 2413153 a prime number?
True
Is 25539467 a composite number?
False
Is 96643451 a prime number?
True
Is 27794801 prime?
True
Is 630678881 a prime number?
False
Is 3804241 a composite number?
True
Is 4263641 a prime number?
True
Is 128669 a prime number?
True
Is 1007281 prime?
False
Is 2107117 composite?
False
Is 2016919 a composite number?
False
Is 11963561 a prime number?
True
Is 12753737 a prime number?
True
Is 69443741 prime?
True
Is 14209277 a prime number?
False
Is 541754099 composite?
False
Is 26472443 a prime number?
True
Is 1314277 a prime number?
False
Is 27286423 a composite number?
True
Is 4037263 a composite number?
False
Is 162455549 a prime number?
True
Is 3548071 a prime number?
True
Is 151336727 prime?
True
Is 366872309 prime?
False
Is 3907679 prime?
False
Is 430337171 a composite number?
True
Is 2422913 composite?
True
Is 193306063 a prime number?
False
Is 77241649 composite?
True
Is 51927479 prime?
False
Is 3596213 a composite number?
False
Is 3558413 a prime number?
False
Is 12272179 a composite number?
True
Is 6203059 prime?
True
Is 31012093 composite?
True
Is 3545567 a prime number?
True
Is 1983937 a composite number?
True
Is 13073813 prime?
True
Is 290288703 prime?
False
Is 40071371 prime?
True
Is 7563679 a composite number?
False
Is 1224739 a composite number?
False
Is 678961 prime?
False
Is 7066069 a prime number?
True
Is 240286699 composite?
False
Is 349637 prime?
True
Is 805087 a composite number?
True
Is 423043 a composite number?
False
Is 82483433 a prime number?
True
Is 2221247 a prime number?
False
Is 2756293 prime?
False
Is 5202023 a composite number?
False
Is 1444783 prime?
False
Is 28449719 a composite number?
False
Is 26822 prime?
False
Is 1334573 a composite number?
True
Is 514229 prime?
True
Is 237799 composite?
True
Is 687223 composite?
False
Is 87865273 a prime number?
False
Is 4859489 a prime number?
False
Is 1077227 prime?
True
Is 23411951 a prime number?
True
Is 19567381 a composite number?
True
Is 38280917 composite?
False
Is 18514469 prime?
False
Is 1031707 a prime number?
True
Is 11143659 a composite number?
True
Is 71598131 a composite number?
True
Is 25778447 prime?
False
Is 3547697 composite?
True
Is 478774687 composite?
False
Is 11944637 prime?
False
Is 89731079 a composite number?
False
Is 16413931 prime?
True
Is 18524697 composite?
True
Is 35832547 a composite number?
True
Is 4441841 a prime number?
True
Is 1063877 prime?
False
Is 6280459 a prime number?
False
Is 3757787 a prime number?
False
Is 18055507 composite?
False
Is 194299387 composite?
False
Is 22831931 a prime number?
True
Is 3396503 prime?
False
Is 381998537 a composite number?
False
Is 6428857 a composite number?
False
Is 384819 a prime number?
False
Is 8421143 prime?
True
Is 11881671 a prime number?
False
Is 184789037 composite?
False
Is 105742801 a composite number?
True
Is 598083407 a prime number?
False
Is 134581 a prime number?
True
Is 67173905 prime?
False
Is 24945329 composite?
False
Is 155446 prime?
False
Is 7077599 prime?
True
Is 3056561 prime?
True
Is 1597979 a composite number?
False
Is 9003187 composite?
False
Is 157948733 prime?
True
Is 772453 composite?
True
Is 330420569 prime?
True
Is 1148087 composite?
False
Is 4535495 composite?
True
Is 18931753 a prime number?
False
Is 19053431 a prime number?
True
Is 72859 a composite number?
False
Is 145264199 a prime number?
True
Is 2152673 prime?
False
Is 2784533 a composite number?
False
Is 990553 a prime number?
False
Is 2074299 a composite number?
True
Is 684709 prime?
False
Is 34425142 prime?
False
Is 3513491 a composite number?
False
Is 640541 prime?
False
Is 147953881 prime?
True
Is 6914339 prime?
True
Is 153882707 composite?
True
Is 2017987 a prime number?
True
Is 2961571 a composite number?
True
Is 45779077 a prime number?
True
Is 7231177 prime?
False
Is 22171409 composite?
True
Is 70767065 a prime number?
False
Is 19519567 prime?
False
Is 2863249 a prime number?
False
Is 20165639 a prime number?
False
Is 27168181 prime?
True
Is 40855141 a composite number?
True
Is 9409679 a prime number?
False
Is 18286189 a prime number?
False
Is 1416949 a composite number?
False
Is 501922103 a prime number?
True
Is 127123 composite?
False
Is 144273047 a prime number?
False
Is 7915399 composite?
False
Is 399330977 a composite number?
False
Is 788299261 composite?
False
Is 7976585 a prime number?
False
Is 967289 composite?
False
Is 159678835 composite?
True
Is 214328841 a prime number?
False
Is 13447151 prime?
True
Is 2244091 a composite number?
False
Is 1030511 a prime number?
True
Is 17084679 a composite number?
True
Is 93921203 prime?
False
Is 6854843 composite?
True
Is 364501 composite?
True
Is 362028581 a prime number?
True
Is 74424331 a composite number?
True
Is 4634921 a composite number?
True
Is 9866669 a composite number?
False
Is 48221551 composite?
True
Is 242057 composite?
False
Is 3175631 a prime number?
False
Is 833171 composite?
False
Is 300419033 a prime number?
False
Is 48801695 prime?
False
Is 68147369 a prime number?
False
Is 8316377 composite?
False
Is 891462859 a composite number?
True
Is 13926261 a composite number?
True
Is 11352109 a composite number?
True
Is 73580431 a prime number?
True
Is 147728717 a prime number?
True
Is 33971053 a composite number?
False
Is 574394165 prime?
False
Is 8960881 a prime number?
False
Is 88617755 a prime number?
False
Is 13070737 composite?
False
Is 174785827 prime?
True
Is 5858093 composite?
False
Is 31964623 pr